{"id":8257,"date":"2021-10-19T21:20:10","date_gmt":"2021-10-19T19:20:10","guid":{"rendered":"https:\/\/sensuu.pl\/?post_type=product&#038;p=8257"},"modified":"2021-12-05T19:39:48","modified_gmt":"2021-12-05T18:39:48","slug":"majtki-passionata-7844nl-biale","status":"publish","type":"product","link":"https:\/\/sensuu.pl\/index.php\/produkt\/majtki-passionata-7844nl-biale\/","title":{"rendered":"Majtki Passionata 7844NL bia\u0142e"},"content":{"rendered":"<p>Majtki Passionata 7844NL bia\u0142e<br \/>\nRozmiar: 36<\/p>\n<p><strong>Passionata by Chantelle<\/strong> to luksusowa francuska marka bielizny damskiej. Adresowana do m\u0142odszej grupy klientek, kt\u00f3re przy wyborze bielizny zwracaj\u0105 uwag\u0119 przede wszystkim na aktualne trendy. To marka, kt\u00f3r\u0105 wyr\u00f3\u017cnia nowoczesno\u015b\u0107, r\u00f3\u017cnorodno\u015b\u0107 i styl.<\/p>\n","protected":false},"excerpt":{"rendered":"<p>Majtki Passionata 7844NL bia\u0142e<br \/>\nRozmiar: 36<\/p>\n","protected":false},"featured_media":8260,"template":"","meta":[],"product_brand":[],"product_cat":[94,93],"product_tag":[156,230,217,223],"class_list":{"0":"post-8257","1":"product","2":"type-product","3":"status-publish","4":"has-post-thumbnail","6":"product_cat-figi","7":"product_cat-pants","8":"product_tag-bielizna-dla-siebie","9":"product_tag-komfortowa-bielizna","10":"product_tag-stylowa-bielizna","11":"product_tag-wygodna-bielizna","13":"first","14":"instock","15":"shipping-taxable","16":"purchasable","17":"product-type-simple"},"_links":{"self":[{"href":"https:\/\/sensuu.pl\/index.php\/wp-json\/wp\/v2\/product\/8257","targetHints":{"allow":["GET"]}}],"collection":[{"href":"https:\/\/sensuu.pl\/index.php\/wp-json\/wp\/v2\/product"}],"about":[{"href":"https:\/\/sensuu.pl\/index.php\/wp-json\/wp\/v2\/types\/product"}],"version-history":[{"count":2,"href":"https:\/\/sensuu.pl\/index.php\/wp-json\/wp\/v2\/product\/8257\/revisions"}],"predecessor-version":[{"id":8449,"href":"https:\/\/sensuu.pl\/index.php\/wp-json\/wp\/v2\/product\/8257\/revisions\/8449"}],"wp:featuredmedia":[{"embeddable":true,"href":"https:\/\/sensuu.pl\/index.php\/wp-json\/wp\/v2\/media\/8260"}],"wp:attachment":[{"href":"https:\/\/sensuu.pl\/index.php\/wp-json\/wp\/v2\/media?parent=8257"}],"wp:term":[{"taxonomy":"product_brand","embeddable":true,"href":"https:\/\/sensuu.pl\/index.php\/wp-json\/wp\/v2\/product_brand?post=8257"},{"taxonomy":"product_cat","embeddable":true,"href":"https:\/\/sensuu.pl\/index.php\/wp-json\/wp\/v2\/product_cat?post=8257"},{"taxonomy":"product_tag","embeddable":true,"href":"https:\/\/sensuu.pl\/index.php\/wp-json\/wp\/v2\/product_tag?post=8257"}],"curies":[{"name":"wp","href":"https:\/\/api.w.org\/{rel}","templated":true}]}}