{"id":8198,"date":"2021-10-19T20:25:19","date_gmt":"2021-10-19T18:25:19","guid":{"rendered":"https:\/\/sensuu.pl\/?post_type=product&#038;p=8198"},"modified":"2021-12-05T20:27:13","modified_gmt":"2021-12-05T19:27:13","slug":"majtki-chantelle-zolte-36","status":"publish","type":"product","link":"https:\/\/sensuu.pl\/index.php\/produkt\/majtki-chantelle-zolte-36\/","title":{"rendered":"Majtki Chantelle \u017c\u00f3\u0142te 36"},"content":{"rendered":"<p>Majtki Chantelle \u017b\u00f3\u0142te<br \/>\nRozmiar: 36<\/p>\n<p><strong>Chantelle<\/strong> to luksusowa francuska marka bielizny damskiej. Oferuj\u0119 szeroki wyb\u00f3r biustonoszy, kt\u00f3re cechuje elegancja i doskona\u0142a jako\u015b\u0107 w ka\u017cdym detalu. To marka, kt\u00f3r\u0105 wyr\u00f3\u017cnia \u017ar\u00f3d\u0142o si\u0142y, komfortu i stylu.<\/p>\n","protected":false},"excerpt":{"rendered":"<p>Majtki Chantelle \u017b\u00f3\u0142te<br \/>\nRozmiar: 36<\/p>\n","protected":false},"featured_media":8151,"template":"","meta":[],"product_brand":[],"product_cat":[94,93],"product_tag":[142,234,185,217],"class_list":{"0":"post-8198","1":"product","2":"type-product","3":"status-publish","4":"has-post-thumbnail","6":"product_cat-figi","7":"product_cat-pants","8":"product_tag-bielizna-koronkowa","9":"product_tag-bielizna-z-koronka","10":"product_tag-luksusowa-bielizna","11":"product_tag-stylowa-bielizna","13":"first","14":"instock","15":"shipping-taxable","16":"purchasable","17":"product-type-simple"},"_links":{"self":[{"href":"https:\/\/sensuu.pl\/index.php\/wp-json\/wp\/v2\/product\/8198","targetHints":{"allow":["GET"]}}],"collection":[{"href":"https:\/\/sensuu.pl\/index.php\/wp-json\/wp\/v2\/product"}],"about":[{"href":"https:\/\/sensuu.pl\/index.php\/wp-json\/wp\/v2\/types\/product"}],"version-history":[{"count":4,"href":"https:\/\/sensuu.pl\/index.php\/wp-json\/wp\/v2\/product\/8198\/revisions"}],"predecessor-version":[{"id":8596,"href":"https:\/\/sensuu.pl\/index.php\/wp-json\/wp\/v2\/product\/8198\/revisions\/8596"}],"wp:featuredmedia":[{"embeddable":true,"href":"https:\/\/sensuu.pl\/index.php\/wp-json\/wp\/v2\/media\/8151"}],"wp:attachment":[{"href":"https:\/\/sensuu.pl\/index.php\/wp-json\/wp\/v2\/media?parent=8198"}],"wp:term":[{"taxonomy":"product_brand","embeddable":true,"href":"https:\/\/sensuu.pl\/index.php\/wp-json\/wp\/v2\/product_brand?post=8198"},{"taxonomy":"product_cat","embeddable":true,"href":"https:\/\/sensuu.pl\/index.php\/wp-json\/wp\/v2\/product_cat?post=8198"},{"taxonomy":"product_tag","embeddable":true,"href":"https:\/\/sensuu.pl\/index.php\/wp-json\/wp\/v2\/product_tag?post=8198"}],"curies":[{"name":"wp","href":"https:\/\/api.w.org\/{rel}","templated":true}]}}