{"id":8050,"date":"2021-09-28T21:48:59","date_gmt":"2021-09-28T19:48:59","guid":{"rendered":"https:\/\/sensuu.pl\/?post_type=product&#038;p=8050"},"modified":"2021-12-05T20:52:46","modified_gmt":"2021-12-05T19:52:46","slug":"komplet-passionata-p78410-bezowy-3","status":"publish","type":"product","link":"https:\/\/sensuu.pl\/index.php\/produkt\/komplet-passionata-p78410-bezowy-3\/","title":{"rendered":"Komplet Passionata P78410 be\u017cowy"},"content":{"rendered":"<p>Komplet Passionata P78410 be\u017cowy<br \/>\nRozmiar: 75C<br \/>\nRozmiar majtek: 40\/M<\/p>\n<p><strong>Passionata by Chantelle<\/strong> to luksusowa francuska marka bielizny damskiej.  Adresowana do m\u0142odszej grupy klientek, kt\u00f3re przy wyborze bielizny zwracaj\u0105 uwag\u0119 przede wszystkim na aktualne trendy. To marka, kt\u00f3r\u0105 wyr\u00f3\u017cnia nowoczesno\u015b\u0107, r\u00f3\u017cnorodno\u015b\u0107 i styl.<\/p>\n","protected":false},"excerpt":{"rendered":"<p>Komplet Passionata P78410 be\u017cowy<br \/>\nRozmiar: 75C<br \/>\nRozmiar majtek: 40\/M<\/p>\n","protected":false},"featured_media":8047,"template":"","meta":[],"product_brand":[],"product_cat":[89,94,97,152,91],"product_tag":[170,210,230,244],"class_list":{"0":"post-8050","1":"product","2":"type-product","3":"status-publish","4":"has-post-thumbnail","6":"product_cat-bra","7":"product_cat-figi","8":"product_cat-komplety","9":"product_cat-nieusztywnianie","10":"product_cat-usztywniane","11":"product_tag-bielizna-komplet","12":"product_tag-elegancki-komplet","13":"product_tag-komfortowa-bielizna","14":"product_tag-romantyczny-komplet","16":"first","17":"instock","18":"shipping-taxable","19":"purchasable","20":"product-type-simple"},"_links":{"self":[{"href":"https:\/\/sensuu.pl\/index.php\/wp-json\/wp\/v2\/product\/8050","targetHints":{"allow":["GET"]}}],"collection":[{"href":"https:\/\/sensuu.pl\/index.php\/wp-json\/wp\/v2\/product"}],"about":[{"href":"https:\/\/sensuu.pl\/index.php\/wp-json\/wp\/v2\/types\/product"}],"version-history":[{"count":2,"href":"https:\/\/sensuu.pl\/index.php\/wp-json\/wp\/v2\/product\/8050\/revisions"}],"predecessor-version":[{"id":8469,"href":"https:\/\/sensuu.pl\/index.php\/wp-json\/wp\/v2\/product\/8050\/revisions\/8469"}],"wp:featuredmedia":[{"embeddable":true,"href":"https:\/\/sensuu.pl\/index.php\/wp-json\/wp\/v2\/media\/8047"}],"wp:attachment":[{"href":"https:\/\/sensuu.pl\/index.php\/wp-json\/wp\/v2\/media?parent=8050"}],"wp:term":[{"taxonomy":"product_brand","embeddable":true,"href":"https:\/\/sensuu.pl\/index.php\/wp-json\/wp\/v2\/product_brand?post=8050"},{"taxonomy":"product_cat","embeddable":true,"href":"https:\/\/sensuu.pl\/index.php\/wp-json\/wp\/v2\/product_cat?post=8050"},{"taxonomy":"product_tag","embeddable":true,"href":"https:\/\/sensuu.pl\/index.php\/wp-json\/wp\/v2\/product_tag?post=8050"}],"curies":[{"name":"wp","href":"https:\/\/api.w.org\/{rel}","templated":true}]}}