{"id":7964,"date":"2021-09-28T14:02:38","date_gmt":"2021-09-28T12:02:38","guid":{"rendered":"https:\/\/sensuu.pl\/?post_type=product&#038;p=7964"},"modified":"2021-12-05T21:24:25","modified_gmt":"2021-12-05T20:24:25","slug":"komplet-passionata-p46b50-wino-80f-dol-38-eur","status":"publish","type":"product","link":"https:\/\/sensuu.pl\/index.php\/produkt\/komplet-passionata-p46b50-wino-80f-dol-38-eur\/","title":{"rendered":"Komplet Passionata P46B50 wino 80F, d\u00f3\u0142 38 EUR"},"content":{"rendered":"<p>Komplet Passionata P46B50 kolor wino<br \/>\nRozmiar: 80F<br \/>\nRozmiar majtek: 38<\/p>\n<p><strong>Passionata by Chantelle<\/strong> to luksusowa francuska marka bielizny damskiej. Adresowana do m\u0142odszej grupy klientek, kt\u00f3re przy wyborze bielizny zwracaj\u0105 uwag\u0119 przede wszystkim na aktualne trendy. To marka, kt\u00f3r\u0105 wyr\u00f3\u017cnia nowoczesno\u015b\u0107, r\u00f3\u017cnorodno\u015b\u0107 i styl.<\/p>\n","protected":false},"excerpt":{"rendered":"<p>Komplet Passionata P46B50 kolor wino<br \/>\nRozmiar: 80F<br \/>\nRozmiar majtek: 38<\/p>\n","protected":false},"featured_media":7965,"template":"","meta":[],"product_brand":[],"product_cat":[89,94,97,152],"product_tag":[214,207,221,209,242,180],"class_list":{"0":"post-7964","1":"product","2":"type-product","3":"status-publish","4":"has-post-thumbnail","6":"product_cat-bra","7":"product_cat-figi","8":"product_cat-komplety","9":"product_cat-nieusztywnianie","10":"product_tag-biustonosz-na-co-dzien","11":"product_tag-biustonosz-siateczka","12":"product_tag-czerwony-komplet","13":"product_tag-ekstrawagancki-biustonosz","14":"product_tag-luksusowy-biustonosz","15":"product_tag-seksowny-komplet","17":"first","18":"instock","19":"sale","20":"shipping-taxable","21":"purchasable","22":"product-type-simple"},"_links":{"self":[{"href":"https:\/\/sensuu.pl\/index.php\/wp-json\/wp\/v2\/product\/7964","targetHints":{"allow":["GET"]}}],"collection":[{"href":"https:\/\/sensuu.pl\/index.php\/wp-json\/wp\/v2\/product"}],"about":[{"href":"https:\/\/sensuu.pl\/index.php\/wp-json\/wp\/v2\/types\/product"}],"version-history":[{"count":3,"href":"https:\/\/sensuu.pl\/index.php\/wp-json\/wp\/v2\/product\/7964\/revisions"}],"predecessor-version":[{"id":8604,"href":"https:\/\/sensuu.pl\/index.php\/wp-json\/wp\/v2\/product\/7964\/revisions\/8604"}],"wp:featuredmedia":[{"embeddable":true,"href":"https:\/\/sensuu.pl\/index.php\/wp-json\/wp\/v2\/media\/7965"}],"wp:attachment":[{"href":"https:\/\/sensuu.pl\/index.php\/wp-json\/wp\/v2\/media?parent=7964"}],"wp:term":[{"taxonomy":"product_brand","embeddable":true,"href":"https:\/\/sensuu.pl\/index.php\/wp-json\/wp\/v2\/product_brand?post=7964"},{"taxonomy":"product_cat","embeddable":true,"href":"https:\/\/sensuu.pl\/index.php\/wp-json\/wp\/v2\/product_cat?post=7964"},{"taxonomy":"product_tag","embeddable":true,"href":"https:\/\/sensuu.pl\/index.php\/wp-json\/wp\/v2\/product_tag?post=7964"}],"curies":[{"name":"wp","href":"https:\/\/api.w.org\/{rel}","templated":true}]}}