{"id":7825,"date":"2021-12-01T20:26:08","date_gmt":"2021-12-01T19:26:08","guid":{"rendered":"https:\/\/sensuu.pl\/?post_type=product&#038;p=7825"},"modified":"2021-12-01T20:26:08","modified_gmt":"2021-12-01T19:26:08","slug":"majtki-implicite-nectar-czerwone-42","status":"publish","type":"product","link":"https:\/\/sensuu.pl\/index.php\/produkt\/majtki-implicite-nectar-czerwone-42\/","title":{"rendered":"Majtki Implicite Nectar czerwone 42"},"content":{"rendered":"<p>Majtki Implicite Nectar czerwone<br \/>\nRozmiar: 42<\/p>\n<p><strong>Implicite by Simone P\u00e9r\u00e8le<\/strong> to francuska marka ekskluzywnej bielizny, stworzonej z materia\u0142\u00f3w najwy\u017cszej jako\u015bci, zgodnej z najnowszymi trendami w modzie bieli\u017anianej. To marka, kt\u00f3r\u0105 wyr\u00f3\u017cnia nowoczesno\u015b\u0107 i przepi\u0119kna estetyka.<\/p>\n","protected":false},"excerpt":{"rendered":"<p>Majtki Implicite Nectar czerwone<br \/>\nRozmiar: 42<\/p>\n","protected":false},"featured_media":7813,"template":"","meta":[],"product_brand":[],"product_cat":[197,93],"product_tag":[142,147,233,191,167,179],"class_list":{"0":"post-7825","1":"product","2":"type-product","3":"status-publish","4":"has-post-thumbnail","6":"product_cat-brazyliany","7":"product_cat-pants","8":"product_tag-bielizna-koronkowa","9":"product_tag-bielizna-na-randke","10":"product_tag-brazyliany","11":"product_tag-czerwona-bielizna","12":"product_tag-kuszaca-bielizna","13":"product_tag-seksowna-bielizna","15":"first","16":"instock","17":"shipping-taxable","18":"purchasable","19":"product-type-simple"},"_links":{"self":[{"href":"https:\/\/sensuu.pl\/index.php\/wp-json\/wp\/v2\/product\/7825","targetHints":{"allow":["GET"]}}],"collection":[{"href":"https:\/\/sensuu.pl\/index.php\/wp-json\/wp\/v2\/product"}],"about":[{"href":"https:\/\/sensuu.pl\/index.php\/wp-json\/wp\/v2\/types\/product"}],"version-history":[{"count":4,"href":"https:\/\/sensuu.pl\/index.php\/wp-json\/wp\/v2\/product\/7825\/revisions"}],"predecessor-version":[{"id":8571,"href":"https:\/\/sensuu.pl\/index.php\/wp-json\/wp\/v2\/product\/7825\/revisions\/8571"}],"wp:featuredmedia":[{"embeddable":true,"href":"https:\/\/sensuu.pl\/index.php\/wp-json\/wp\/v2\/media\/7813"}],"wp:attachment":[{"href":"https:\/\/sensuu.pl\/index.php\/wp-json\/wp\/v2\/media?parent=7825"}],"wp:term":[{"taxonomy":"product_brand","embeddable":true,"href":"https:\/\/sensuu.pl\/index.php\/wp-json\/wp\/v2\/product_brand?post=7825"},{"taxonomy":"product_cat","embeddable":true,"href":"https:\/\/sensuu.pl\/index.php\/wp-json\/wp\/v2\/product_cat?post=7825"},{"taxonomy":"product_tag","embeddable":true,"href":"https:\/\/sensuu.pl\/index.php\/wp-json\/wp\/v2\/product_tag?post=7825"}],"curies":[{"name":"wp","href":"https:\/\/api.w.org\/{rel}","templated":true}]}}